b = -1029 - i. Is b a composite number?
False
Let v(o) = 645620*o**3 + o**2 + 50*o - 52. Is v(1) prime?
False
Let z(q) = -q**3 + 12*q**2 - 12*q + 3. Let x = -67 + 7. Let w = x + 68. Is z(w) a prime number?
True
Suppose -5*l - 21 = 2*h - 5, 2*h - 16 = 3*l. Suppose -h*n - 3*t - 579 = -0*t, n = 5*t - 283. Let k = 1370 + n. Is k a composite number?
True
Let c = 1789 + -4511. Let l(b) = -7*b**3 + 2*b**2 + 17*b + 1. Let p be l(6). Let f = p - c. Is f a prime number?
False
Let b be ((-45)/20)/(37/8 + -5). Suppose 6 = -2*r, -3*v + 10197 = -2*r + b*r. Is v prime?
False
Let f(o) = 36*o**2 - 17*o + 8. Let y(s) = -36*s**2 + 17*s - 9. Let x(u) = -4*f(u) - 5*y(u). Suppose -w + 47 = -4*a + 2*w, 4*a = 2*w - 42. Is x(a) prime?
False
Suppose -5*b = 16 - 21. Is (-2 + b - (3 - 6)) + 6741 composite?
True
Let j = -82424 - -141297. Is j a composite number?
True
Let j(s) = s**3 - 2*s**2 + 4*s - 3. Let g be j(2). Suppose -52*x + 10 = -47*x. Suppose -2529 = -x*u - g*m, 4*m = 3*u - 8*u + 6365. Is u a composite number?
False
Suppose -5*p - 5 = -w, 3*p - 3 = w + 2. Is ((-422)/3)/(w/90) composite?
True
Let q(u) = 115*u**2 - 24*u + 73 + 82 - 128 + 31. Is q(17) a prime number?
False
Suppose -4*v - 56 = -4*b, -2*v - 2*b - 37 + 5 = 0. Let i be ((-80)/v - 4)*6. Suppose 11*x - 21 = i*x. Is x a composite number?
False
Let w = 82 + -109. Is (-6)/w - 312627/(-27) a composite number?
False
Let m be 3/(-4) - ((-108)/16 + 4). Suppose 0 = -2*q - 0*q - 5*s - 28, -2*s = m*q + 16. Let l(u) = -14*u**3 + 2*u**2 - 5. Is l(q) a prime number?
False
Let m(z) = -4*z - 37. Let c be m(-9). Is ((-107658)/(-6))/(-3)*c prime?
True
Suppose 48*t = 61*t + 2223. Suppose -3*g = 9*q - 4*q + 1585, 0 = 5*q - g + 1605. Let x = t - q. Is x composite?
False
Suppose -4*k = 4*c - 1365356, 116*c + k = 118*c - 682660. Is c composite?
False
Let s = -278 - -283. Suppose 2*w + 0*f - 203 = 3*f, s*f = w - 84. Is w a composite number?
False
Let m = 240 + -236. Suppose 2*u + 5*g + 2401 = 3*u, 2*u = m*g + 4832. Is u a composite number?
True
Let o(b) = -228*b - 3. Let h be (-2)/(-8) - (351/12)/9. Let i be o(h). Suppose i = 4*z - 323. Is z a composite number?
False
Is ((-2)/(-4))/(37/(-259) - (-2834250)/19839652) a composite number?
False
Let c(n) = 4*n**3 - 3*n**3 + n**3 + 5*n - 15*n**2 + 15. Let p be c(7). Is -618*((-2)/6)/p prime?
False
Suppose -g + j + 9472 = 159, 0 = -j + 1. Let b = -5377 + g. Is b a composite number?
True
Suppose -3*w = -26 + 8. Suppose -4*a = 4*z - w*a - 6, -5*a = -15. Suppose 0 = z*p - 419 - 928. Is p a prime number?
True
Let l be -1 + 1 - (-2)/(10/1635). Let f = l - -44. Is f a prime number?
False
Let i(z) = -30*z - 3019. Let y(k) = 7*k + 755. Let g(j) = 2*i(j) + 9*y(j). Is g(0) composite?
False
Suppose -4*c + 2843 = -p + 6*p, -3*c + 2139 = -3*p. Suppose 0 = -2*z + c + 488. Suppose 0 = -4*o - 5*d + z, -o + 5*d - 455 = -4*o. Is o a prime number?
False
Suppose 4*l + 8928 - 813 = 5*h, 2*h - l - 3249 = 0. Let r = -820 + h. Is r a composite number?
True
Suppose -937090 = -5*j - 3*f, 5*j + 3604*f - 937065 = 3606*f. Is j a composite number?
True
Let d = 544 - 545. Let p(l) = 3079*l + 8. Let g(n) = 6158*n + 16. Let z(x) = -3*g(x) + 5*p(x). Is z(d) composite?
True
Suppose 3*z + 2*t - 5 = 0, 6*z - t - 14 = 2*z. Let n be ((-12)/4)/(3/(-4)). Suppose z*h = -n*m + 235, -h - 4*m = 4*h - 405. Is h a composite number?
True
Suppose j = 3*r - 10, -4*r + 13 = -j - 0*j. Let k(n) = 8 - 2*n - n - 274*n**3 + 282*n**r + 4*n**2. Is k(7) a composite number?
False
Suppose -31*l + 26*l = -y + 30, -2*y + l + 24 = 0. Suppose -y*r = -9398 - 5712. Is r prime?
True
Suppose 5*p - 461 = 3*i, 5*p - 3*i = -i + 464. Let q be (-42)/4*(408/42 - 10). Suppose r = -y + 112, -q*r + 5*y = -2*r - p. Is r a composite number?
False
Suppose 3*j - 12 = 0, 3*j + 301382 - 1927516 = -2*l. Is l composite?
False
Let u(q) = -17*q**2 - 9. Let p = 3 + -9. Let g be u(p). Let r = g - -1162. Is r composite?
False
Suppose -5*h + 5 = 5*j, 4*j = 3*h + 2*j + 2. Let c be (-1 + h)*0/6. Suppose c*b + 3*b = 2*i + 2305, -3*b = -3*i - 2307. Is b prime?
False
Let s(k) be the third derivative of 685*k**4/12 - 21*k**3/2 - 16*k**2. Is s(7) a composite number?
True
Suppose -3*q = -3*v - 2697, 4*q - 2*q - v = 1801. Suppose q*x = 904*x - 892. Is x a composite number?
True
Suppose -805 = -6*b - 5497. Let y = b - -1113. Is y composite?
False
Let d = -211 - -211. Let w(z) = 2*z**2 + z - 2. Let f be w(-2). Suppose d = -f*n + n + 381. Is n a prime number?
True
Suppose s - 37309 = -u, -103*s - 186529 = -108*s + 3*u. Is s prime?
True
Suppose -11*n + 579226 = -580911. Is n a composite number?
False
Suppose -93121 = 169*l - 337*l + 161*l. Is l a composite number?
True
Let b = 4973 + 1238. Is b prime?
True
Suppose -19*w + 592413 = 3*j - 1169589, -4*j + 2349397 = 5*w. Is j a prime number?
False
Suppose 0 = -q - 3*q - 32. Let k be 123042/22 - q/44. Suppose -58*d + 65*d - k = 0. Is d prime?
False
Suppose -5*d = -8*d + 12. Suppose 2*b = -d*f + 1970, 3*b = -f + 44 + 2891. Let n = 2323 - b. Is n a composite number?
True
Suppose -t + 240594 = -27*y - 331556, -4*t + 2*y = -2289024. Is t composite?
True
Suppose -2*y + 0*j - 8120 = j, -j = -y - 4060. Let z = y - -7871. Is z prime?
False
Suppose 60*o - 35*o - 475 = 0. Suppose -2*u = -27 - 17. Suppose -u*h = -o*h - 435. Is h a prime number?
False
Let k = -28 - -16. Let j be -2 - k/(-3)*-1. Suppose 4*w - 570 = -j*w. Is w a prime number?
False
Let g(d) = -7*d + 2 + 14*d - 9*d. Let u be g(-1). Suppose 0 = -5*k - u*k + 513. Is k prime?
False
Suppose -3*r = -68 + 62. Suppose -5*l = -r*l. Suppose -3516 = -4*n - 5*k, l*n + 4395 = 5*n - 3*k. Is n a prime number?
False
Let r be (-8)/(-18)*(-243)/(-54). Suppose -r*g = -2*a - 21732, -a + 9059 + 23543 = 3*g. Is g prime?
True
Suppose 0 = 5*u + m - 1022412, -1024*u = -1026*u + 2*m + 408948. Is u a composite number?
False
Let g = 37761 - 8000. Is 7 + 217/(-35) - g/(-5) a prime number?
True
Suppose -142848 + 115624 = 2*c - 357906. Is c a prime number?
False
Suppose -3*p = -18*p + 11*p. Suppose 4*g - 48 - 12 = p. Suppose -5*b = 2*u - 9401, 0 = 8*u - 3*u - g. Is b prime?
True
Suppose -795077 = -5*d + 4*n, 74 = -3*n + 65. Is d a prime number?
True
Is -2 + (-1866514)/(-11) - 246/2706 a composite number?
False
Let h(x) = x**3 - 15*x**2 - 5*x + 82. Let a be h(15). Suppose 2*j - z - 9723 = 0, -a*z + 2*z + 14578 = 3*j. Is j a prime number?
True
Suppose -369323 = -4*x - 2*c + 203735, 0 = -5*x + 3*c + 716317. Suppose -20745 = 17*b - x. Is b prime?
True
Suppose 3*j = 495 - 78. Let o = j - 114. Is o composite?
True
Let f = -110098 + 245919. Is f a prime number?
False
Let r(j) = -j + 25. Let a be r(24). Suppose -9 = -4*f - a. Is 6/(-12) - 1307/f*-1 a prime number?
True
Let v(c) = -317*c**3 - 7*c**2 - 10*c - 7. Suppose -4*q + 3*z - 22 = 0, 9*q + 4 = 6*q - 4*z. Is v(q) prime?
False
Let a(o) = 20*o + 117. Let q be a(-6). Is ((-2)/q)/((-64)/(-211488)) prime?
True
Let b = -58 + 134. Let a = b + -77. Is ((-6852)/(-48))/(a*3/(-12)) a prime number?
True
Let q be (-16)/12*(-9)/2. Suppose -2*n + 12 = 5*w, -w + n + 2 + q = 0. Is (-786)/6*(3 - w) a composite number?
False
Is 31 - 15 - (-23708 - -5) a composite number?
False
Let x(w) = 363*w - 140. Let p(h) = -360*h + 139. Let o(j) = 5*p(j) + 6*x(j). Is o(12) a composite number?
False
Suppose -5*n - 5*x = -6730, -5*x - 1261 = -2*n + 1466. Is n a prime number?
False
Let t(u) = -955*u**2 - 21. Let x(s) = 478*s**2 + 10. Let z(j) = 2*j**3 - 26*j**2 + 7. Let r be z(13). Let f(b) = r*x(b) + 3*t(b). Is f(-2) a composite number?
False
Let j = -104 + -537. Let h = 7770 + j. Is h prime?
True
Suppose 756*o - 1006*o + 864250 = 0. Is o a prime number?
True
Let b = -16 + 18. Suppose b*i = -2*v + 186, -3*i + 259 = -3*v + v. Is i a composite number?
False
Let m = 57 + 76. Suppose 0*c = c - m. Suppose 0 = 2*x - 629 - c. Is x prime?
False
Let k(i) = i. Let t(u) = -176*u**2 - 13*u - 5. Let s(f) = -f**2 - f - 1. Let y(l) = 4*s(l) - t(l). Let q(n) = -6*k(n) + y(n). Is q(-2) prime?
True
Let f(z) = 5*z**2 - 16*z - 65. Let w be f(-26). Let y = w - -1406. Is y a composite number?
True
Let z be 3328 + (0 - (3 - 6)). Let q = z - 1610. Is q a composite number?
False
Let n(k) = 286*k**2 - 81*k + 35. Is n(18) prime?
False
Let g(f) = 7*f**3 - 5*f**2 - 5*f**3 - 1 - 3*f**3 - f**3 - 2*f. Let k be g(-2). Is (6/(-2) + 4